
-5
Let j be ((-14)/10 - -1)/((-3)/(-30)). Let b be j - (-10 + 0 + 0). Let c(m) = m**3 - 5*m**2 - 3*m - 6. Give c(b).
12
Let n(v) = v**3 + 3*v**2 + v - 1. Let x be n(-4). Let m = -22 - x. Let l(s) = 10*s**3 + 7*s**2 - s**2 - 5*s**2. What is l(m)?
-9
Let x(k) be the first derivative of k**3/3 - 7*k**2/2 + 2*k - 4. Let b be x(7). Let f(i) = 11*i + 15*i - 5*i**b + 1 - 27*i. Give f(1).
-5
Let t(u) = 4 + u + 2*u**2 - u**2 + 8. Let s(d) = 2*d**3 + 96*d**2 + 96*d + 94. Let r be s(-47). What is t(r)?
12
Let l(c) = -6*c**2 - 5*c - 4. Let b(y) = -y**2 - y - 2. Let n(x) = -3*b(x) + l(x). Let w(t) = -2*t + 2. Let r be w(2). Determine n(r).
-6
Suppose 6*d - 8 = 10. Let t(y) = -y**3 + 3*y**2 - 4*y. Determine t(d).
-12
Suppose 31*g - 35*g = -8. Let w(h) = 0 + 3 - 3*h - 4 + g. Calculate w(3).
-8
Let f(t) = -36 + 9 + 0*t + 10 + 9 - 7*t. What is f(-2)?
6
Let r(k) be the second derivative of -k**4/6 + k**3/6 - k**2 - 338*k. What is r(-2)?
-12
Let t(x) = x - 3. Let u(o) = 2*o - 4. Let w(n) = 6*t(n) - 5*u(n). Let d(a) = -5*a + 47. Let g be d(-15). Let y = 124 - g. Determine w(y).
-6
Let l(r) = r - 8. Let b(y) = -2*y**2 - 25*y + 19. Let t be b(-13). Suppose 12 + t = 3*k. Give l(k).
-2
Let c(f) = f**3 + 3*f + 23. Let k(d) = -4*d**3 - 10*d - 61. Let o(t) = -7*c(t) - 2*k(t). Calculate o(0).
-39
Let l(u) = -5*u - 25. Let r(v) = v + 4. Let z(s) = 2*l(s) + 11*r(s). Calculate z(0).
-6
Let r(h) be the first derivative of 55*h**3/3 - h**2 + h - 510. Determine r(1).
54
Let u(p) = -p**3 - 9*p**2 + 10*p - 4. Suppose 3*a - 8*a = -s - 16, -a - 2 = 5*s. Let c(n) = -8*n**2 + 3*n + 1. Let w be c(s). Give u(w).
-4
Suppose -4 = -4*g + 4. Let w(b) = 2 - 4*b - 11*b + 18*b + g*b**2. Determine w(-2).
4
Let v(l) = -l**3 + 24*l**2 - 44*l + 6. Let z be v(22). Let d(w) be the second derivative of w**4/12 - 2*w**3/3 + 9*w**2/2 + w. Calculate d(z).
21
Let v(n) = n - 3. Suppose -5*x - 4*g = -28 - 32, 4*g + 60 = 5*x. Let c = 13 - x. Let a be (0/(c + 0))/1. Give v(a).
-3
Let f(h) be the second derivative of h**3/3 + 3*h**2/2 - h. Let o = 7 + -2. Suppose 2*q + o - 1 = 0. Determine f(q).
-1
Let f = 9 - 12. Let k(t) = 1 - 22563*t**2 - 4*t + 22562*t**2 + 1. Give k(f).
5
Let y(h) = -2*h - 5. Let w(b) = -6*b - 15. Let f(k) = 2*w(k) - 7*y(k). Let q(o) = -o - 3. Let m(l) = 2*f(l) + 5*q(l). Calculate m(-7).
2
Let y(i) = i - 13. Let k be ((-5)/(-15))/(5/90). Determine y(k).
-7
Let y(o) = -o**2 + 14*o - 13. Let w be y(13). Let m(h) = -h**3 + 5*h**2 + 6*h**2 - 15*h**2 - 2*h + w*h. What is m(-3)?
-3
Let r = 585 + -587. Let p(x) = -4*x**2 - 2*x + 2. Calculate p(r).
-10
Let y(h) = -h**3 - 1 + 115*h - 38*h - 3*h**2 - 37*h - 45*h. What is y(-5)?
74
Let x(v) = 10 + 6 - 5*v - 3 - 7 + v. What is x(3)?
-6
Suppose 3*a + f - 6 = 0, 3 = -f - 0. Let m(z) = -7*z**3 - 5*z - 3 + a*z**3 + 0*z**3 + 3*z**3 - 4*z**2. Calculate m(-3).
3
Suppose -4*s - a + 8 = 0, -5*s + a + 4 = -6. Let t(i) = -8 + i**3 + 0 - 8*i + 5*i**s + i**2. What is t(-7)?
-1
Suppose -3*d + 52 = -d. Let i(k) = -k + k**3 + 30*k**2 - 2*k**3 + 4 - d*k**2. Let s = -3 + 7. Determine i(s).
0
Let u(n) be the second derivative of n**7/420 + n**6/360 + n**5/120 - n**4/24 + 13*n**3/6 + 12*n. Let b(j) be the second derivative of u(j). Calculate b(1).
3
Let v(z) = 2*z**3 + 3*z + 2. Let b(p) = 13*p**3 + 21*p**2 + 18*p + 13. Let h(w) = b(w) - 6*v(w). Determine h(-21).
1
Let u(b) = -b**3 - 7*b**2 - 5*b - 1. Let z be 6/(-8) - (-280)/32. Suppose -z*d - 64 = -16. Give u(d).
-7
Let z be 1 - -2 - (20 + -11). Let k(y) = -y**3 - 6*y**2 - y - 8. Give k(z).
-2
Suppose -5*s - 3*r + 0*r + 4 = 0, -4*s + 18 = -5*r. Let y be s*(-9)/6 - -3. Let i(q) = -q + 10. Calculate i(y).
10
Let n(p) = -p**2 + 5*p - 2. Let o = 25 - 25. Suppose -10 = -5*u + l + 4*l, -u - 5*l + 8 = o. Give n(u).
4
Let x(i) be the third derivative of 1/8*i**4 + 1/30*i**5 + 1/2*i**3 + 0 - 4*i**2 + 0*i. Calculate x(-2).
5
Let i(j) be the first derivative of 3*j - 2*j + 0*j - j**3 - 31 + j**2 + 27. Calculate i(-1).
-4
Let o(f) = f + 3. Let r(b) = -17*b - 123. Let s be r(-7). Determine o(s).
-1
Let n(x) be the third derivative of 0*x + 0 - 1/30*x**5 - x**2 - 1/6*x**3 + 1/6*x**4. Suppose -30 = -6*i - 4*g, -3*i + 12 + 6 = 3*g. Calculate n(i).
-7
Suppose -55 = 3*t + 8*t. Let g(m) = 6*m - 1. Let c(d) = 7*d - 1. Let r(j) = 3*c(j) - 4*g(j). What is r(t)?
16
Let r be (4/8)/(6/(-4) + 1). Let h(s) = -5*s**3 + s**2. Calculate h(r).
6
Let g(s) = -4*s - 5. Let a(d) = -9*d - 11. Let x(t) = -9*t - 5. Let k be x(-2). Let m(v) = k*g(v) - 6*a(v). Calculate m(2).
5
Suppose 5*l + 0 = 10. Suppose n - 4*u = 20, -l*n - n - 25 = 5*u. Let z(m) be the third derivative of m**5/60 - m**4/24 + m**3 + m**2. Determine z(n).
6
Let d = -395 - -396. Let s(y) = 0 - 1 + 0 - 3*y. Calculate s(d).
-4
Let p(y) be the second derivative of -y**5/20 - y**4/3 - y**3/2 + 3*y**2 - 2*y + 30. What is p(-2)?
4
Let s(i) = -7*i - 1. Let h(n) = -36*n - 4. Let q(y) = 3*h(y) - 16*s(y). Let v be 286/(-88) - (-2)/8. Give q(v).
-8
Let l(k) = 81 - 77 + 5*k - 2*k**2 - 4*k + 6*k. Calculate l(6).
-26
Let d(w) = 20*w - 53*w - 4 + 4 + 23*w. Determine d(4).
-40
Let s(f) = 2 + 2*f**3 + f**2 - 2 - 2. Let g(y) = -y**2 - 2*y - 3. Let q be g(-1). Give s(q).
-14
Let z(f) = 0*f - 3 + 1 - 2*f + 6. Let k = 4 - -1. Suppose -5*n - 32 = 3*t, -2*t + k*n + 12 = -0*t. Give z(t).
12
Let t = -17 + 23. Let p(d) = -1 - 3*d - 10 + t + d**2. Suppose 18 = 5*c - 12. Give p(c).
13
Let d(u) = -11*u**3 - 2*u. Let j be d(-2). Suppose 0 = 97*b - j*b - 25. Let l(x) = -x**2 + 3*x - 5. Calculate l(b).
-15
Let f(j) be the second derivative of 3*j**2 - 1/6*j**3 + 0 - 1/20*j**5 - 4*j - 1/12*j**4. Give f(0).
6
Let s = -10 + 12. Let c(k) = 2*k + 0 - 3*k - 1 + 2*k. Give c(s).
1
Let x(t) be the second derivative of -1/20*t**5 - 2/3*t**3 + 9*t - 1/4*t**4 + 0 - 3/2*t**2. Calculate x(-2).
1
Let b(w) = -w**3 + 6*w**2 + 7*w - 4. Let d be b(7). Let q(g) = 6*g**3 + g**2 + 6. Let l(v) = -5*v**3 + 2*v**2 - 1. Let f(c) = -l(c) - q(c). What is f(d)?
11
Suppose -4*z + g - 30 = 0, -3*z + 12 = 3*g + 42. Let b = -8 - z. Suppose -m + 2*m + 7 = b. Let r(d) = -d**2 - 9*d - 5. Give r(m).
9
Let c be (-6 + 1)/15*15. Let v(x) = -x - 7. Calculate v(c).
-2
Let b(j) be the third derivative of j**4/4 + j**3/2 + 33*j**2 + j. What is b(3)?
21
Suppose -31 = -2*p - 2*p - o, -5 = p - 4*o. Let h(r) = -r + 6. Give h(p).
-1
Let q(j) = j**3 + 7*j**2 + 6*j - 8. Let s(t) = 3*t - 15. Let g be s(5). Suppose -2*n - 4*r = -r + 3, -4*n - r - 21 = g. What is q(n)?
-8
Let c(g) = g**3 + 5*g**2 - 8*g - 6. Suppose -6*z - 2*z = -40. Suppose -1 = -i + 1. Suppose -t - 26 = z*u, i*t + 8 = 4*t. Calculate c(u).
6
Let z = -69 - -69. Let w(n) = 0*n + 6*n - 4*n - 3*n - 19. Calculate w(z).
-19
Let a(b) = 2*b + 8. Let h(y) = -y**3 + 25*y**2 + 53*y + 21. Let r be h(27). Determine a(r).
-4
Let s = 66 + 55. Suppose -119*a = -s*a - 10. Let w(u) = u**2 + 8*u + 3. Calculate w(a).
-12
Let r(m) be the third derivative of m**6/720 - m**4/6 + 23*m**2. Let x(f) be the second derivative of r(f). What is x(7)?
7
Let i = -53 - -48. Let h(r) = r**2 + 7*r + 6. What is h(i)?
-4
Let u = -359 - -361. Let n(j) = 6*j**3 - 2*j**2 - 2*j + 2. What is n(u)?
38
Suppose 3 = -208*w + 210*w - h, 0 = -w + 2*h - 6. Let g(f) = f**2 - 6*f + 6. Calculate g(w).
-2
Let v = -260 + 258. Let h(y) = 9*y - 3. Determine h(v).
-21
Suppose 4*c + 4*p + 4 = -0*p, 3*p - 15 = 0. Let w(d) = -2*d**2 - 8*d - 8. Determine w(c).
-32
Let g(v) = v**2 - 5*v + 4. Let x(h) = 9*h**2 - 6*h + 5. Let k be x(1). What is g(k)?
28
Suppose 0 = 3*h + 2*h + 4*o + 48, 0 = -2*h + 4*o - 8. Let s be (-2)/(h/(-12)) + 7. Let w(n) = -n**2 - 2*n + 0*n**2 + 3*n + 5*n + s. What is w(4)?
12
Let v(g) = -g**2 + 4*g + 3. Suppose 0 = -2*l + 18*o - 16*o + 16, -2*l + 21 = -3*o. Determine v(l).
6
Suppose 4*j - c = c + 36, -4*j + 44 = -4*c. Let r(f) be the second derivative of f**5/20 - f**4/2 - 4*f**3/3 + 9*f**2/2 + 2*f. What is r(j)?
2
Let f(v) be the third derivative of -v**6/12 - v**5/60 - v**4/24 - v**3/6 + 2*v**2. Let g be (12/9)/((-2)/3) + 1. Let b(c) = c**3. Let o be b(g). Give f(o).
9
Let p(o) = 0*o**2 - 3 + o**2 - 2*o + 0*o**2. Let l = -492 + 496. What is p(l)?
5
Let o(l) = 2*l**3 + 7*l**2 + 5*l + 4. Let u be (-8)/32 + 30/(-8). Calculate o(u).
-32
Suppose 0 = 3*d - 13*g + 8*g + 17, 2*d = -4*g + 18. Let y(m) = -m**3 - 5*m**2 - 4*m. Let h be y(-4). Let 